er when 21601 is divided by 1198?
37
Calculate the remainder when 2216958 is divided by 1732.
1730
Calculate the remainder when 269571 is divided by 41.
37
What is the remainder when 55836 is divided by 73?
64
Calculate the remainder when 41631 is divided by 8.
7
What is the remainder when 139215 is divided by 546?
531
What is the remainder when 5920 is divided by 150?
70
Calculate the remainder when 7813 is divided by 43.
30
What is the remainder when 1215 is divided by 695?
520
Calculate the remainder when 798 is divided by 298.
202
What is the remainder when 5796 is divided by 42?
0
Calculate the remainder when 11862 is divided by 320.
22
What is the remainder when 5756 is divided by 224?
156
What is the remainder when 50645 is divided by 115?
45
What is the remainder when 23966 is divided by 23?
0
Calculate the remainder when 36019 is divided by 1811.
1610
What is the remainder when 107433 is divided by 63?
18
What is the remainder when 124685 is divided by 409?
349
What is the remainder when 14948 is divided by 325?
323
Calculate the remainder when 1477 is divided by 725.
27
Calculate the remainder when 179603 is divided by 14.
11
Calculate the remainder when 15968 is divided by 5322.
2
What is the remainder when 38852 is divided by 541?
441
What is the remainder when 24237 is divided by 1616?
1613
What is the remainder when 595649 is divided by 150?
149
What is the remainder when 2357 is divided by 454?
87
Calculate the remainder when 1949 is divided by 957.
35
What is the remainder when 1181044 is divided by 47241?
19
What is the remainder when 24240 is divided by 1350?
1290
What is the remainder when 47812 is divided by 27?
22
Calculate the remainder when 1048134 is divided by 95.
94
Calculate the remainder when 16693 is divided by 167.
160
What is the remainder when 11763 is divided by 5863?
37
What is the remainder when 18209 is divided by 325?
9
Calculate the remainder when 678 is divided by 271.
136
Calculate the remainder when 47070 is divided by 523.
0
Calculate the remainder when 1441 is divided by 726.
715
Calculate the remainder when 39967 is divided by 580.
527
What is the remainder when 92169 is divided by 30715?
24
Calculate the remainder when 28783 is divided by 52.
27
Calculate the remainder when 8594 is divided by 3815.
964
What is the remainder when 121990 is divided by 94?
72
What is the remainder when 1148 is divided by 106?
88
What is the remainder when 155171 is divided by 39?
29
Calculate the remainder when 28702 is divided by 4099.
9
Calculate the remainder when 11954723 is divided by 613.
610
What is the remainder when 18169 is divided by 356?
13
Calculate the remainder when 8578 is divided by 2850.
28
What is the remainder when 16451 is divided by 70?
1
What is the remainder when 15411 is divided by 35?
11
Calculate the remainder when 36962 is divided by 50.
12
Calculate the remainder when 89880 is divided by 190.
10
What is the remainder when 11840 is divided by 1002?
818
What is the remainder when 7826 is divided by 119?
91
Calculate the remainder when 84614 is divided by 28201.
11
What is the remainder when 18370 is divided by 159?
85
What is the remainder when 36185 is divided by 66?
17
What is the remainder when 106441 is divided by 21285?
16
What is the remainder when 16238 is divided by 70?
68
What is the remainder when 4778 is divided by 27?
26
What is the remainder when 4360 is divided by 546?
538
Calculate the remainder when 999 is divided by 294.
117
Calculate the remainder when 8971 is divided by 1494.
7
Calculate the remainder when 90286 is divided by 171.
169
Calculate the remainder when 11066 is divided by 1844.
2
Calculate the remainder when 62462 is divided by 68.
38
What is the remainder when 14397 is divided by 13?
6
What is the remainder when 10037 is divided by 1248?
53
What is the remainder when 5277313 is divided by 118?
117
Calculate the remainder when 181833 is divided by 24.
9
What is the remainder when 2624 is divided by 1307?
10
Calculate the remainder when 53791 is divided by 58.
25
Calculate the remainder when 121674 is divided by 13.
7
Calculate the remainder when 67997 is divided by 195.
137
Calculate the remainder when 11215 is divided by 3732.
19
Calculate the remainder when 4230 is divided by 1227.
549
Calculate the remainder when 1159753 is divided by 80.
73
What is the remainder when 9828 is divided by 275?
203
Calculate the remainder when 112849 is divided by 22526.
219
Calculate the remainder when 1993 is divided by 480.
73
What is the remainder when 2478 is divided by 359?
324
What is the remainder when 4279 is divided by 1468?
1343
What is the remainder when 24150 is divided by 7968?
246
What is the remainder when 74402 is divided by 37?
32
What is the remainder when 1091 is divided by 13?
12
Calculate the remainder when 389165 is divided by 36.
5
Calculate the remainder when 9889 is divided by 3131.
496
Calculate the remainder when 468430 is divided by 422.
10
Calculate the remainder when 3982 is divided by 333.
319
Calculate the remainder when 246181 is divided by 291.
286
Calculate the remainder when 1457 is divided by 671.
115
Calculate the remainder when 82708 is divided by 3935.
73
Calculate the remainder when 238712 is divided by 23869.
22
Calculate the remainder when 53562 is divided by 16.
10
What is the remainder when 204926 is divided by 40982?
16
Calculate the remainder when 166950 is divided by 4.
2
Calculate the remainder when 4447 is divided by 160.
127
What is the remainder when 231678 is divided by 46?
22
What is the remainder when 145787 is divided by 72860?
67
Calculate the remainder when 19932 is divided by 6632.
36
What is the remainder when 30234 is divided by 775?
9
Calculate the remainder when 1313 is divided by 342.
287
What is the remainder when 1337 is divided by 443?
8
Calculate the remainder when 19648 is divided by 289.
285
Calculate the remainder when 177201 is divided by 9326.
7
Calculate the remainder when 730 is divided by 9.
1
Calculate the remainder when 699 is divided by 228.
15
What is the remainder when 1343 is divided by 653?
37
Calculate the remainder when 9270 is divided by 175.
170
What is the remainder when 1543 is divided by 277?
158
Calculate the remainder when 11395 is divided by 50.
45
Calculate the remainder when 52738 is divided by 90.
88
What is the remainder when 2811 is divided by 905?
96
What is the remainder when 9433 is divided by 207?
118
Calculate the remainder when 6311 is divided by 785.
31
Calculate the remainder when 38225 is divided by 123.
95
Calculate the remainder when 1500256 is divided by 199.
194
What is the remainder when 144395 is divided by 274?
271
Calculate the remainder when 61001 is divided by 1564.
5
What is the remainder when 66125 is divided by 110?
15
What is the remainder when 18033 is divided by 1789?
143
Calculate the remainder when 3498 is divided by 1164.
6
What is the remainder when 8331 is divided by 307?
42
Calculate the remainder when 1777748 is divided by 250.
248
What is the remainder when 992 is divided by 51?
23
Calculate the remainder when 73009 is divided by 14.
13
Calculate the remainder when 10867 is divided by 1794.
103
What is the remainder when 8653 is divided by 40?
13
What is the remainder when 163732 is divided by 81856?
20
What is the remainder when 100078 is divided by 99990?
88
What is the remainder when 8910 is divided by 73?
4
What is the remainder when 2324807 is divided by 316?
311
Calculate the remainder when 6259 is divided by 201.
28
What is the remainder when 15666 is divided by 13?
1
Calculate the remainder when 8094 is divided by 150.
144
What is the remainder when 138731 is divided by 22?
21
What is the remainder when 27263 is divided by 22?
5
What is the remainder when 20549 is divided by 403?
399
What is the remainder when 1889 is divided by 43?
40
What is the remainder when 357317 is divided by 1054?
11
What is the remainder when 5992 is divided by 368?
104
What is the remainder when 4116 is divided by 679?
42
What is the remainder when 34825 is divided by 2901?
13
What is the remainder when 979 is divided by 85?
44
Calculate the remainder when 17503 is divided by 5832.
7
What is the remainder when 4771 is divided by 4274?
497
What is the remainder 